691 = 2*o + r. Let l = 364 + o. Suppose -d = -6*d + 40. Calculate the highest common factor of d and l.
4
Suppose -5*n = 3*d - 133, 2*d - 2*n = -2*d + 134. Let z be (d/(-30))/(10/(-75)). Calculate the greatest common factor of z and 81.
9
Let m = 1971 - 1675. Suppose -38 = 4*p - 194. Let b = p - 2. What is the highest common divisor of b and m?
37
Suppose -13760 = -12*x - 4244. Calculate the highest common divisor of 13 and x.
13
Let n(o) = -o**3 - 5*o**2 + 8*o + 12. Let t be n(-6). Suppose -q + 2 = 5*j, -5*q - 4 - 11 = t. What is the greatest common divisor of j and 9?
1
Let h(u) = -u**3 + 11*u**2 + 21*u - 32. Let b be h(13). Let d = b + 213. Calculate the greatest common divisor of 87 and d.
29
Suppose 10*r + 3458 - 25369 - 8859 = 0. What is the greatest common factor of r and 51?
17
Suppose -2 = -2*y, -193 + 80 = -2*w - 3*y. Suppose 4*z = 4*d + 2424, -d = d + 2. Calculate the greatest common divisor of w and z.
55
Suppose -81*p - 27738 = -74313. What is the highest common factor of 225 and p?
25
Let v = 3382 + -3346. Calculate the greatest common divisor of 258 and v.
6
Let v(o) = -22*o**3 + o**2 - 5*o - 4. Let s be 6/15*5/(-2). Let b be v(s). What is the highest common factor of 204 and b?
12
Let q(f) = 4*f**2 + 10*f + 72. Let v be q(9). Calculate the highest common divisor of v and 378.
54
Let f be 16/(1 + 3) - -53. Let g = f - 87. Let s be (-3140)/g + (-2)/3. Calculate the highest common divisor of s and 13.
13
Suppose 0 = -20*r + 90 - 30. Suppose 0 = 5*v, 8*v - 1 = -c + 9*v. What is the greatest common divisor of c and r?
1
Let y = -364 + 551. Suppose 2*r + 2 = 30. Let d be 234/r + (-2)/(-7). What is the highest common divisor of y and d?
17
Suppose -19*k + 2047 = -1012. What is the greatest common factor of 28 and k?
7
Let h(p) = p**3 - 5*p**2 + 41*p - 445. Let k be h(8). Calculate the greatest common factor of 12475 and k.
25
Let c(a) = 17*a**2 + 6*a - 5. Let q be c(1). Let i(d) = 193*d**2 + 8*d - 3. Let r be i(1). Calculate the highest common divisor of q and r.
18
Let b(w) = -5*w - 85. Let o be b(-33). Let z = o - 57. Calculate the greatest common divisor of 92 and z.
23
Suppose 104*g - 4673 = -104*g + 5519. Calculate the highest common divisor of 413 and g.
7
Suppose -19*w + 15*w + 616 = 0. Calculate the highest common factor of w and 286.
22
Let x(c) = -2*c**3 - 43*c**2 + 37*c + 10. Let n be x(-25). Suppose 0 = -26*q + n - 756. What is the highest common divisor of 24 and q?
8
Let o be (11/22)/((-2)/4) + -14. Let w be o/(-9) + (-308)/(-42). Calculate the highest common factor of 141 and w.
3
Suppose -3 = p - 5. Suppose p*w + 29834 = -2*x, 3*x - 1 + 16 = 0. Let q be ((-8)/9)/4 + w/(-36). What is the highest common divisor of q and 46?
46
Let h be 17/(17/118) - (-8 + 6 - -4). Calculate the greatest common divisor of 38 and h.
2
Let y be (-4 - -6)*((-5)/(-2) + -1). Suppose 0*b - 2*b + 10 = 0. Let r be -2*b/15 + 10/6. Calculate the highest common factor of r and y.
1
Let u be (-1)/(-3) - 234/54. Let z be u/(5 + -9)*60/4. Suppose -5*t = -4 + 14, -4*t + 42 = 5*r. What is the highest common divisor of z and r?
5
Let d be (-2 - (-10 - -1)) + 1. Let j = -28155 + 28451. What is the highest common factor of j and d?
8
Let j = -71 - -73. Let w be 4/(-20) - (j - (-862)/(-10)). Suppose 16 = 5*x - w. What is the highest common factor of 20 and x?
20
Suppose 0 = -4*r - 0*g - g + 177, 3*r - 126 = -3*g. Suppose 5*p - v = 1102, -r + 269 = p - 2*v. Calculate the greatest common factor of 44 and p.
44
Let q = -15319 - -24592. Calculate the greatest common factor of q and 11.
11
Let b be (-32)/144 - (-2477)/9. Suppose 0*q - 4*x = -q + 51, 0 = -2*x + 2. Calculate the greatest common divisor of q and b.
55
Let o be (-740)/25*(150/4)/5. Let p = -173 - o. What is the highest common factor of p and 14?
7
Suppose 1030 = 47*q - 5879. Let o be 0 + 1 - 246/(-6). Calculate the highest common divisor of q and o.
21
Suppose 0 = -2*s - r + 86, -8*r = 3*s - 11*r - 138. Let g be 39/(-2)*176/(-6). What is the greatest common factor of g and s?
44
Let m(s) = s**3 - 41*s**2 - 447*s + 38. Let o be m(50). What is the highest common factor of 7614 and o?
94
Let m = 47 - 65. Let f(z) = -24*z - 14. Let b be f(m). Let r = b + -298. Calculate the greatest common divisor of r and 48.
24
Suppose t + 1220 = 4*f - 0*t, 308 = f - t. What is the highest common divisor of f and 38?
38
Let k = 13705 + -11703. What is the highest common factor of 1540 and k?
154
Suppose 2*m + 31 = 1. Let k = 4 - m. Suppose 17 = -2*s + k. What is the greatest common divisor of 4 and s?
1
Let o(j) = j**3 + 14*j**2 + 9*j - 10. Let f = -19 - -6. Let r be o(f). Calculate the greatest common factor of 126 and r.
42
Suppose 2*z - 2*g = 1168, -503*z + 498*z = -4*g - 2921. What is the highest common factor of z and 3588?
39
Suppose 6*o + 1950 = 3*t + 7*o, -4*t - 2*o = -2600. Calculate the greatest common factor of t and 156.
26
Suppose -3*l = 2*l. Let v be ((-1)/(-3) - l)*21. Let u = 73 + -38. Calculate the greatest common factor of u and v.
7
Suppose 5*y = 2*r - 2 + 6, -r + 3*y = 3. Suppose 4*k = -2*t + 428, 566 = 4*k + t + 144. Suppose u + k = r*u. What is the greatest common divisor of 39 and u?
13
Let i = -23940 + 27018. What is the greatest common divisor of i and 90?
18
Suppose h - 858 = -2*s + 2745, -3*h = 4*s - 7213. Calculate the greatest common factor of 116 and s.
58
Let u(d) = -d**2 + 18*d + 20. Let r be u(-14). Let m = r + 445. Suppose -g + 10 = -7. Calculate the highest common divisor of m and g.
17
Suppose 182*f = 185*f - 3843. Suppose -15*p + f = -1359. Calculate the greatest common factor of 16 and p.
16
Let c(d) = -5*d - 7. Let w be c(-5). Suppose -5*u - 8 = -w. Calculate the greatest common factor of 62 and u.
2
Let n be (-26815)/(-62) - (15/(-6) - -1). Let s = 590 - n. Calculate the highest common factor of 12 and s.
12
Let x(r) = 104 + 257*r + 181 - 70*r - 85*r - 71*r. Let w be x(-8). What is the greatest common divisor of 37 and w?
37
Let m = -83 - -131. Let l be 12*(-100)/(-18) + 6/(-9). Calculate the greatest common divisor of l and m.
6
Let x = -985 - -991. Suppose 189 = x*z + 141. Calculate the highest common divisor of 152 and z.
8
Suppose 3*w + 7 = 10. Let t(c) = 85*c**2 - 172*c**2 - w - 4*c + 92*c**2. Let j be t(-4). What is the greatest common divisor of 19 and j?
19
Let m(v) = -4*v - 1. Let w be m(-1). Suppose -h = -w*s - s + 8, 3*s = 9. Suppose 6 = h*c - 3*c. Calculate the greatest common factor of c and 54.
6
Let g(n) = n**2 - 43*n - 1003. Let h be g(60). Calculate the highest common divisor of h and 16558.
17
Suppose t - 2 = 0, -82*y + 5*t - 186 = -86*y. Calculate the highest common factor of 6116 and y.
44
Let c(r) = -r**2 - 9*r - 9. Let f be (-216)/(-18)*(14/(-8) - -1). Let o be c(f). Let w = o + 15. Calculate the highest common factor of 2 and w.
2
Let o be ((24/(-2))/2)/(-1). Let v be ((-66)/10)/(o/(8 - 128)). Calculate the highest common divisor of v and 330.
66
Suppose -4*f - 5*m = -3*m - 374, m + 5 = 0. Suppose 5*s - 453*w - 357 = -454*w, 4*w - 204 = -3*s. Calculate the greatest common factor of s and f.
24
Let t = 20 + -12. Suppose -t + 0 = -b. Suppose -4*q = 12 - 44. What is the highest common divisor of b and q?
8
Suppose -1771 = -7*z - 1582. Calculate the greatest common factor of z and 576.
9
Let n = 137 - 133. Suppose -2*u = 4*f - 248, -n*f + 274 = 3*u + 26. What is the greatest common factor of f and 434?
62
Let t(o) = o + 5. Let v be t(-5). Suppose u = -2*d, v*d = u + 5*d. Let l be 4 - (u - -4) - -12. What is the highest common divisor of l and 132?
12
Let z = -85 + 90. Suppose -4*g + o + 204 = -195, 4*g = z*o + 379. Suppose -4*s = -19 - g. What is the greatest common divisor of 10 and s?
10
Let f be 198*4/(-16)*4. Let t be (-860)/(-15) + (-11)/(f/12). What is the greatest common factor of 2 and t?
2
Let h be (-91 + 101)/((-2)/(-26)). What is the greatest common divisor of 9100 and h?
130
Let i = -91 + 112. Suppose 5*g + i = 441. Suppose 2*t - g = 4*q, -3*t - 3*q + 130 = -8*q. Calculate the greatest common divisor of 5 and t.
5
Let o be 6822/8 - 6/(-24). Suppose b + 172 = r, -6*b = 5*r - 4*b - o. What is the highest common factor of 19 and r?
19
Suppose -5*c = -476 - 44. Suppose -168*z = -166*z - c. Calculate the greatest common divisor of 221 and z.
13
Supp